b + 21. Let h be v(7). Let n(o) be the second derivative of -o**3/6 + 5*o**2 - o. Let p be n(h). What is the greatest common divisor of p and 30?
10
Suppose -2*s + 36 + 94 = 0. Suppose 3*z - 4*r = 1023 + 1504, 3*z - 2543 = -4*r. Calculate the greatest common divisor of s and z.
65
Let d = 849 - 1031. Let w be (-1)/13 - 38234/d. Suppose 75 - 201 = -3*a. What is the greatest common factor of a and w?
42
Suppose -127*i - 9484 + 101559 = 0. What is the greatest common divisor of i and 1189?
29
Let y = -191 - 1. Let z = y - -471. Calculate the highest common divisor of 62 and z.
31
Let b(f) = -298*f + 1798. Let v be b(6). Calculate the highest common factor of 350 and v.
10
Let u(l) = l**2 - l + 6. Let t be u(5). Let p = -2653 - -2654. Calculate the greatest common divisor of p and t.
1
Let h(a) be the second derivative of a**4/12 - 13*a**3/3 - 13*a**2 - 50*a. Let i be h(27). What is the greatest common divisor of i and 3?
1
Let z(w) = w**3 - w**2 + w. Let i be z(4). Let o(r) = 18*r - 151. Let h be o(12). Calculate the highest common factor of i and h.
13
Let r = 2920 - 2700. Calculate the greatest common factor of 100 and r.
20
Let h be ((10/15)/(4/(-15)))/((-380)/15656). What is the greatest common factor of h and 2575?
103
Suppose 0 = 46*f - 12*f - 2720. Let m(z) = -z + 4. Let c be m(-2). Let a be (128/c)/((-7)/(-21)). What is the highest common divisor of a and f?
16
Suppose 3*x = 4*x - 8. Suppose 5*w - 3*o + 1180 = 0, 46 = -w + 3*o - 178. Let m = w - -255. What is the highest common factor of x and m?
8
Let u(r) = -34*r**2 - 2*r + 37. Let f be u(0). What is the highest common factor of 2627 and f?
37
Let v be (50/(-5))/(-5) + 2/2. Suppose -33 = -v*m - o + 164, m + 2*o = 64. Let i = 2 + 20. Calculate the greatest common factor of m and i.
22
Let z be (-96)/(-528) + 2330/11. Let f = 303 - z. What is the highest common divisor of f and 26?
13
Suppose 2*f + 3*f - 2*f = 0. Let z(b) = b**2 + 2*b + 7. Let x be z(f). Let r be x + (1 - 1) - 1. What is the highest common divisor of 4 and r?
2
Suppose -r = 4*b + r - 282, 4*b = 2*r + 262. Suppose 11*j = -8*j - 171. Let n be (-1510)/(-90) + (-2)/j. Calculate the highest common factor of b and n.
17
Suppose 4*d + 3*m - 312 = 0, 390 = 5*d - m - 0*m. Let a = 118 - d. Suppose -3*f = h - 45, -2*f - f - 5*h = -33. What is the highest common factor of a and f?
8
Let l(i) = -6*i + 2 + 6*i + 7 + i. Let z be l(-7). Let h = -803 - -829. Calculate the highest common factor of z and h.
2
Suppose -2*a = -4*a + 130. Suppose 160 - 110 = 5*w, 5*w = -3*h + 1805. What is the greatest common divisor of h and a?
65
Suppose -q + 5*d - d + 342 = 0, -2*d + 1644 = 5*q. What is the highest common divisor of q and 2530?
110
Suppose 6*a - 9 = 3. Let h(c) = -a + c + 4*c + 40*c + 5*c. Let v be h(1). Calculate the greatest common divisor of 6 and v.
6
Suppose -190*m = -173*m + 368 - 1592. What is the greatest common divisor of m and 1629?
9
Suppose -3637074 - 194419 = -128*y + 1342139. What is the highest common factor of 81 and y?
81
Let f = -1604 - -1657. Let n = 10 - 7. Let w = f + n. What is the highest common divisor of 28 and w?
28
Let q(l) = -2*l**3 + 5*l**2 + 2*l - 3. Let g be q(-3). Let r = 6 + -7. Let f be r + 5/((-20)/(-76)). What is the highest common divisor of f and g?
18
Suppose 0 = k + k - 4. Let q be k/5 - 69/(-15). Suppose -76*b + 15950 = 214*b. Calculate the highest common factor of q and b.
5
Let k = 53 - 49. Let a be (k + -6)*(3 + -1). Let n be (-34)/a*(1 - 6 - -11). What is the greatest common divisor of 34 and n?
17
Let o be ((-42)/56)/(2/4488). Let z(a) = -4*a - 51. Let k be z(-12). Let r be k/(603/o - (-4)/22). Calculate the greatest common divisor of 17 and r.
17
Suppose 0 = 4*l - 5*s - 202, -s - 5 - 141 = -3*l. Let n(b) = 5*b + 77. Let f be n(-7). Suppose -f - 30 = -6*q. What is the highest common divisor of q and l?
12
Suppose -5*y = 8*r - 3*r - 710, 138 = y + 5*r. Let s = 358527 + -358475. What is the highest common factor of y and s?
13
Let d = 12291 - 12280. Let m = -4 - -6. What is the greatest common factor of d and m?
1
Let m be (270/(-12))/(51/(-272)). Calculate the highest common factor of 570 and m.
30
Suppose -16*w = -807 + 695. Calculate the greatest common factor of 512 and w.
1
Let u be 12550/175 + (4 - (12/7 - -2)). What is the greatest common divisor of 1089 and u?
9
Let l be ((-108)/30 + 4)*111*280. What is the greatest common factor of 56 and l?
56
Suppose -12 = 109*v - 112*v, -4*p - 4*v = -1240. What is the greatest common factor of 238 and p?
34
Let m(x) = -27*x + 1. Let a be m(-2). Suppose 3*g - a = 44. Let q(k) = -220*k + 11671. Let y be q(53). Calculate the highest common factor of y and g.
11
Let u(y) = y**3 + 5*y**2 - 7*y - 4. Let n be u(-6). Let k be (17 - 1)/(-4) + 138 + n. Calculate the greatest common divisor of k and 102.
34
Let s be (-24)/11 - (-6)/33. Let i(u) = -8*u - 6. Let t be i(s). Let z be 2/t + (-58)/(-10). What is the highest common divisor of z and 66?
6
Let k be -2 + 56 - (-1 + 1)*-1. Let a = 59 - k. Suppose c + 0 - 4 = t, -3*t - a = 4*c. Calculate the greatest common divisor of 6 and c.
1
Suppose 0 = 4*t - q + 9 - 29, -q + 4 = 2*t. Suppose t*k - r - 16 = 0, -k - 4*r + 11 = -2*k. Let c = 13 - k. Calculate the greatest common factor of c and 88.
8
Suppose -7*s = -13*s - 210. Let t be (-6765)/s + 4/(-14). Suppose 4*r - 275 = t. Calculate the highest common divisor of 39 and r.
39
Let r = -112 - -126. Let o be -61*(-2 + -1) + 77 + -78. What is the greatest common factor of o and r?
14
Let f be 76*(-1)/(-2) - (2 + 3). Suppose 2*i - 5*m + 27 = -0*i, i + 2*m = 9. Let o be (-154)/(-7) + (-1 - i). What is the highest common divisor of o and f?
11
Let i = -105193 - -105244. Suppose 4*o + g = 481, g - 243 = -4*o + 2*o. Calculate the highest common divisor of o and i.
17
Let a(t) = 2*t**3 + 12*t**2 - 47*t - 3. Let x be a(3). Let r be 4/((-4)/3) - 39. Let j = -30 - r. What is the greatest common factor of x and j?
6
Let v be (-14 - (-12 + 4))*-153. Let b = v - 906. Let i = -9 - -15. What is the greatest common factor of b and i?
6
Let h be ((-162)/(-8))/(1/8). Let y be 6/(-63)*-3 - 1986/(-7). Let i be (-4)/(-16) + y/16. What is the greatest common divisor of h and i?
18
Suppose 14*a - 5066 - 492 = 0. What is the highest common factor of 2 and a?
1
Let t be 1 + 3/1 - 0. Let k(o) = 5*o**2 - 3*o - 2. Let p be k(t). Suppose -15*m - 66 = -18*m. What is the greatest common divisor of m and p?
22
Let g = -11505 + 11535. Calculate the highest common factor of g and 7890.
30
Suppose -31*b + 15*b = -2*b - 8400. Calculate the highest common divisor of 96 and b.
24
Let t = -123 + 181. Suppose 17*n = 43*n - 4524. What is the highest common divisor of n and t?
58
Let g = 59 + -9. Suppose -10*r + 5*r - g = 0. Let t = r - -66. What is the greatest common factor of t and 28?
28
Suppose -5*a + 30 = -4*a - 4*r, -4*a = -3*r - 68. Let u be (2/3)/(3/18). Suppose 115 = u*j + 31. What is the greatest common divisor of j and a?
7
Let z = -3103 - -3112. What is the highest common factor of 381 and z?
3
Let y = -3524 - -3785. What is the greatest common divisor of 493 and y?
29
Suppose -21*m = 45*m - 24807 + 5403. Calculate the highest common divisor of m and 1344.
42
Let n = -8135 + 8251. Calculate the highest common divisor of 40 and n.
4
Let w be 8 - ((-6)/21 + (-32)/(-14)). Let f(h) = -18 + 33 - h**2 - w*h - 5*h. Let b be f(-6). Calculate the greatest common divisor of 18 and b.
9
Suppose 4*j + t - 1345 = 0, -9*j + t + 3040 = 6*t. Calculate the highest common divisor of j and 40.
5
Suppose -2*w + 42 = -97*z + 95*z, -w + 33 = z. What is the greatest common divisor of w and 123?
3
Suppose -6*d + 459 = -2*d + 3*b, 5*b - 358 = -3*d. Let r = -106 + d. Let t be (126/r)/((-2)/(-10)). What is the highest common factor of t and 14?
14
Suppose -3*u = -b + 13, b - 4*u = 29 - 13. What is the highest common factor of b and 432?
4
Let w(f) = -19*f + 187. Let y(i) = -7*i + 62. Let v(a) = 4*w(a) - 11*y(a). Let g be v(-6). Calculate the highest common divisor of g and 48.
12
Suppose -q + t + 448 = -596, 5*q - 5232 = 3*t. What is the highest common divisor of 252 and q?
42
Let q(j) = -5*j**3 - 16*j**2 - 2*j + 5. Let l be q(-7). Suppose 7*p = 4*p + 150. What is the greatest common factor of p and l?
50
Suppose -862 -